{"id":322,"date":"2022-04-25T16:27:58","date_gmt":"2022-04-25T19:27:58","guid":{"rendered":"https:\/\/www.uniaoacessorios.com.br\/homologacao\/?post_type=product&#038;p=322"},"modified":"2023-03-08T10:38:19","modified_gmt":"2023-03-08T13:38:19","slug":"bate-fecha-v-a","status":"publish","type":"product","link":"https:\/\/www.uniaoacessorios.com.br\/site\/produto\/bate-fecha-v-a\/","title":{"rendered":"Bate-Fecha V\/A"},"content":{"rendered":"<p>Ferragem em pol\u00edmero, qualidade Uni\u00e3o.<\/p>\n<p>A melhor do mercado, fa\u00e7a j\u00e1 sua cota\u00e7\u00e3o!<\/p>\n","protected":false},"excerpt":{"rendered":"<p>Ferragem em pol\u00edmero, qualidade Uni\u00e3o. A melhor do mercado, fa\u00e7a j\u00e1 sua cota\u00e7\u00e3o!<\/p>\n","protected":false},"featured_media":4819,"template":"","meta":{"_acf_changed":false},"product_brand":[],"product_cat":[24],"product_tag":[],"class_list":{"0":"post-322","1":"product","2":"type-product","3":"status-publish","4":"has-post-thumbnail","6":"product_cat-ferragens-avulsas","8":"first","9":"instock","10":"shipping-taxable","11":"product-type-simple"},"acf":[],"yoast_head":"<!-- This site is optimized with the Yoast SEO plugin v26.9 - https:\/\/yoast.com\/product\/yoast-seo-wordpress\/ -->\n<title>Bate-Fecha V\/A - Uni\u00e3o Acess\u00f3rios para vidros<\/title>\n<meta name=\"description\" content=\"Ferragem em pol\u00edmero, qualidade Uni\u00e3o. A melhor do mercado, fa\u00e7a j\u00e1 sua cota\u00e7\u00e3o!\" \/>\n<meta name=\"robots\" content=\"index, follow, max-snippet:-1, max-image-preview:large, max-video-preview:-1\" \/>\n<link rel=\"canonical\" href=\"http:\/\/www.uniaoacessorios.com.br\/site\/produto\/bate-fecha-v-a\/\" \/>\n<meta property=\"og:locale\" content=\"pt_BR\" \/>\n<meta property=\"og:type\" content=\"article\" \/>\n<meta property=\"og:title\" content=\"Bate-Fecha V\/A - Uni\u00e3o Acess\u00f3rios para vidros\" \/>\n<meta property=\"og:description\" content=\"Ferragem em pol\u00edmero, qualidade Uni\u00e3o. A melhor do mercado, fa\u00e7a j\u00e1 sua cota\u00e7\u00e3o!\" \/>\n<meta property=\"og:url\" content=\"http:\/\/www.uniaoacessorios.com.br\/site\/produto\/bate-fecha-v-a\/\" \/>\n<meta property=\"og:site_name\" content=\"Uni\u00e3o Acess\u00f3rios para vidros\" \/>\n<meta property=\"article:publisher\" content=\"https:\/\/www.facebook.com\/uniaoferragensparavidros\" \/>\n<meta property=\"article:modified_time\" content=\"2023-03-08T13:38:19+00:00\" \/>\n<meta property=\"og:image\" content=\"http:\/\/www.uniaoacessorios.com.br\/site\/wp-content\/uploads\/2022\/04\/1571.png\" \/>\n\t<meta property=\"og:image:width\" content=\"1080\" \/>\n\t<meta property=\"og:image:height\" content=\"1080\" \/>\n\t<meta property=\"og:image:type\" content=\"image\/png\" \/>\n<meta name=\"twitter:card\" content=\"summary_large_image\" \/>\n<meta name=\"twitter:label1\" content=\"Est. tempo de leitura\" \/>\n\t<meta name=\"twitter:data1\" content=\"1 minuto\" \/>\n<script type=\"application\/ld+json\" class=\"yoast-schema-graph\">{\"@context\":\"https:\/\/schema.org\",\"@graph\":[{\"@type\":\"WebPage\",\"@id\":\"http:\/\/www.uniaoacessorios.com.br\/site\/produto\/bate-fecha-v-a\/\",\"url\":\"http:\/\/www.uniaoacessorios.com.br\/site\/produto\/bate-fecha-v-a\/\",\"name\":\"Bate-Fecha V\/A - Uni\u00e3o Acess\u00f3rios para vidros\",\"isPartOf\":{\"@id\":\"http:\/\/www.uniaoacessorios.com.br\/site\/#website\"},\"primaryImageOfPage\":{\"@id\":\"http:\/\/www.uniaoacessorios.com.br\/site\/produto\/bate-fecha-v-a\/#primaryimage\"},\"image\":{\"@id\":\"http:\/\/www.uniaoacessorios.com.br\/site\/produto\/bate-fecha-v-a\/#primaryimage\"},\"thumbnailUrl\":\"https:\/\/www.uniaoacessorios.com.br\/site\/wp-content\/uploads\/2022\/04\/1571.png\",\"datePublished\":\"2022-04-25T19:27:58+00:00\",\"dateModified\":\"2023-03-08T13:38:19+00:00\",\"description\":\"Ferragem em pol\u00edmero, qualidade Uni\u00e3o. A melhor do mercado, fa\u00e7a j\u00e1 sua cota\u00e7\u00e3o!\",\"breadcrumb\":{\"@id\":\"http:\/\/www.uniaoacessorios.com.br\/site\/produto\/bate-fecha-v-a\/#breadcrumb\"},\"inLanguage\":\"pt-BR\",\"potentialAction\":[{\"@type\":\"ReadAction\",\"target\":[\"http:\/\/www.uniaoacessorios.com.br\/site\/produto\/bate-fecha-v-a\/\"]}]},{\"@type\":\"ImageObject\",\"inLanguage\":\"pt-BR\",\"@id\":\"http:\/\/www.uniaoacessorios.com.br\/site\/produto\/bate-fecha-v-a\/#primaryimage\",\"url\":\"https:\/\/www.uniaoacessorios.com.br\/site\/wp-content\/uploads\/2022\/04\/1571.png\",\"contentUrl\":\"https:\/\/www.uniaoacessorios.com.br\/site\/wp-content\/uploads\/2022\/04\/1571.png\",\"width\":1080,\"height\":1080},{\"@type\":\"BreadcrumbList\",\"@id\":\"http:\/\/www.uniaoacessorios.com.br\/site\/produto\/bate-fecha-v-a\/#breadcrumb\",\"itemListElement\":[{\"@type\":\"ListItem\",\"position\":1,\"name\":\"In\u00edcio\",\"item\":\"http:\/\/www.uniaoacessorios.com.br\/site\/\"},{\"@type\":\"ListItem\",\"position\":2,\"name\":\"Loja\",\"item\":\"https:\/\/www.uniaoacessorios.com.br\/site\/loja\/\"},{\"@type\":\"ListItem\",\"position\":3,\"name\":\"Bate-Fecha V\/A\"}]},{\"@type\":\"WebSite\",\"@id\":\"http:\/\/www.uniaoacessorios.com.br\/site\/#website\",\"url\":\"http:\/\/www.uniaoacessorios.com.br\/site\/\",\"name\":\"Uni\u00e3o Acess\u00f3rios para vidros\",\"description\":\"\",\"publisher\":{\"@id\":\"http:\/\/www.uniaoacessorios.com.br\/site\/#organization\"},\"potentialAction\":[{\"@type\":\"SearchAction\",\"target\":{\"@type\":\"EntryPoint\",\"urlTemplate\":\"http:\/\/www.uniaoacessorios.com.br\/site\/?s={search_term_string}\"},\"query-input\":{\"@type\":\"PropertyValueSpecification\",\"valueRequired\":true,\"valueName\":\"search_term_string\"}}],\"inLanguage\":\"pt-BR\"},{\"@type\":\"Organization\",\"@id\":\"http:\/\/www.uniaoacessorios.com.br\/site\/#organization\",\"name\":\"Uni\u00e3o Acess\u00f3rios\",\"url\":\"http:\/\/www.uniaoacessorios.com.br\/site\/\",\"logo\":{\"@type\":\"ImageObject\",\"inLanguage\":\"pt-BR\",\"@id\":\"http:\/\/www.uniaoacessorios.com.br\/site\/#\/schema\/logo\/image\/\",\"url\":\"https:\/\/www.uniaoacessorios.com.br\/homologacao\/wp-content\/uploads\/2022\/04\/logo-big.jpg\",\"contentUrl\":\"https:\/\/www.uniaoacessorios.com.br\/homologacao\/wp-content\/uploads\/2022\/04\/logo-big.jpg\",\"width\":1200,\"height\":411,\"caption\":\"Uni\u00e3o Acess\u00f3rios\"},\"image\":{\"@id\":\"http:\/\/www.uniaoacessorios.com.br\/site\/#\/schema\/logo\/image\/\"},\"sameAs\":[\"https:\/\/www.facebook.com\/uniaoferragensparavidros\",\"https:\/\/www.instagram.com\/uniaoferragens\"]}]}<\/script>\n<!-- \/ Yoast SEO plugin. -->","yoast_head_json":{"title":"Bate-Fecha V\/A - Uni\u00e3o Acess\u00f3rios para vidros","description":"Ferragem em pol\u00edmero, qualidade Uni\u00e3o. A melhor do mercado, fa\u00e7a j\u00e1 sua cota\u00e7\u00e3o!","robots":{"index":"index","follow":"follow","max-snippet":"max-snippet:-1","max-image-preview":"max-image-preview:large","max-video-preview":"max-video-preview:-1"},"canonical":"http:\/\/www.uniaoacessorios.com.br\/site\/produto\/bate-fecha-v-a\/","og_locale":"pt_BR","og_type":"article","og_title":"Bate-Fecha V\/A - Uni\u00e3o Acess\u00f3rios para vidros","og_description":"Ferragem em pol\u00edmero, qualidade Uni\u00e3o. A melhor do mercado, fa\u00e7a j\u00e1 sua cota\u00e7\u00e3o!","og_url":"http:\/\/www.uniaoacessorios.com.br\/site\/produto\/bate-fecha-v-a\/","og_site_name":"Uni\u00e3o Acess\u00f3rios para vidros","article_publisher":"https:\/\/www.facebook.com\/uniaoferragensparavidros","article_modified_time":"2023-03-08T13:38:19+00:00","og_image":[{"width":1080,"height":1080,"url":"http:\/\/www.uniaoacessorios.com.br\/site\/wp-content\/uploads\/2022\/04\/1571.png","type":"image\/png"}],"twitter_card":"summary_large_image","twitter_misc":{"Est. tempo de leitura":"1 minuto"},"schema":{"@context":"https:\/\/schema.org","@graph":[{"@type":"WebPage","@id":"http:\/\/www.uniaoacessorios.com.br\/site\/produto\/bate-fecha-v-a\/","url":"http:\/\/www.uniaoacessorios.com.br\/site\/produto\/bate-fecha-v-a\/","name":"Bate-Fecha V\/A - Uni\u00e3o Acess\u00f3rios para vidros","isPartOf":{"@id":"http:\/\/www.uniaoacessorios.com.br\/site\/#website"},"primaryImageOfPage":{"@id":"http:\/\/www.uniaoacessorios.com.br\/site\/produto\/bate-fecha-v-a\/#primaryimage"},"image":{"@id":"http:\/\/www.uniaoacessorios.com.br\/site\/produto\/bate-fecha-v-a\/#primaryimage"},"thumbnailUrl":"https:\/\/www.uniaoacessorios.com.br\/site\/wp-content\/uploads\/2022\/04\/1571.png","datePublished":"2022-04-25T19:27:58+00:00","dateModified":"2023-03-08T13:38:19+00:00","description":"Ferragem em pol\u00edmero, qualidade Uni\u00e3o. A melhor do mercado, fa\u00e7a j\u00e1 sua cota\u00e7\u00e3o!","breadcrumb":{"@id":"http:\/\/www.uniaoacessorios.com.br\/site\/produto\/bate-fecha-v-a\/#breadcrumb"},"inLanguage":"pt-BR","potentialAction":[{"@type":"ReadAction","target":["http:\/\/www.uniaoacessorios.com.br\/site\/produto\/bate-fecha-v-a\/"]}]},{"@type":"ImageObject","inLanguage":"pt-BR","@id":"http:\/\/www.uniaoacessorios.com.br\/site\/produto\/bate-fecha-v-a\/#primaryimage","url":"https:\/\/www.uniaoacessorios.com.br\/site\/wp-content\/uploads\/2022\/04\/1571.png","contentUrl":"https:\/\/www.uniaoacessorios.com.br\/site\/wp-content\/uploads\/2022\/04\/1571.png","width":1080,"height":1080},{"@type":"BreadcrumbList","@id":"http:\/\/www.uniaoacessorios.com.br\/site\/produto\/bate-fecha-v-a\/#breadcrumb","itemListElement":[{"@type":"ListItem","position":1,"name":"In\u00edcio","item":"http:\/\/www.uniaoacessorios.com.br\/site\/"},{"@type":"ListItem","position":2,"name":"Loja","item":"https:\/\/www.uniaoacessorios.com.br\/site\/loja\/"},{"@type":"ListItem","position":3,"name":"Bate-Fecha V\/A"}]},{"@type":"WebSite","@id":"http:\/\/www.uniaoacessorios.com.br\/site\/#website","url":"http:\/\/www.uniaoacessorios.com.br\/site\/","name":"Uni\u00e3o Acess\u00f3rios para vidros","description":"","publisher":{"@id":"http:\/\/www.uniaoacessorios.com.br\/site\/#organization"},"potentialAction":[{"@type":"SearchAction","target":{"@type":"EntryPoint","urlTemplate":"http:\/\/www.uniaoacessorios.com.br\/site\/?s={search_term_string}"},"query-input":{"@type":"PropertyValueSpecification","valueRequired":true,"valueName":"search_term_string"}}],"inLanguage":"pt-BR"},{"@type":"Organization","@id":"http:\/\/www.uniaoacessorios.com.br\/site\/#organization","name":"Uni\u00e3o Acess\u00f3rios","url":"http:\/\/www.uniaoacessorios.com.br\/site\/","logo":{"@type":"ImageObject","inLanguage":"pt-BR","@id":"http:\/\/www.uniaoacessorios.com.br\/site\/#\/schema\/logo\/image\/","url":"https:\/\/www.uniaoacessorios.com.br\/homologacao\/wp-content\/uploads\/2022\/04\/logo-big.jpg","contentUrl":"https:\/\/www.uniaoacessorios.com.br\/homologacao\/wp-content\/uploads\/2022\/04\/logo-big.jpg","width":1200,"height":411,"caption":"Uni\u00e3o Acess\u00f3rios"},"image":{"@id":"http:\/\/www.uniaoacessorios.com.br\/site\/#\/schema\/logo\/image\/"},"sameAs":["https:\/\/www.facebook.com\/uniaoferragensparavidros","https:\/\/www.instagram.com\/uniaoferragens"]}]}},"_links":{"self":[{"href":"https:\/\/www.uniaoacessorios.com.br\/site\/wp-json\/wp\/v2\/product\/322","targetHints":{"allow":["GET"]}}],"collection":[{"href":"https:\/\/www.uniaoacessorios.com.br\/site\/wp-json\/wp\/v2\/product"}],"about":[{"href":"https:\/\/www.uniaoacessorios.com.br\/site\/wp-json\/wp\/v2\/types\/product"}],"wp:featuredmedia":[{"embeddable":true,"href":"https:\/\/www.uniaoacessorios.com.br\/site\/wp-json\/wp\/v2\/media\/4819"}],"wp:attachment":[{"href":"https:\/\/www.uniaoacessorios.com.br\/site\/wp-json\/wp\/v2\/media?parent=322"}],"wp:term":[{"taxonomy":"product_brand","embeddable":true,"href":"https:\/\/www.uniaoacessorios.com.br\/site\/wp-json\/wp\/v2\/product_brand?post=322"},{"taxonomy":"product_cat","embeddable":true,"href":"https:\/\/www.uniaoacessorios.com.br\/site\/wp-json\/wp\/v2\/product_cat?post=322"},{"taxonomy":"product_tag","embeddable":true,"href":"https:\/\/www.uniaoacessorios.com.br\/site\/wp-json\/wp\/v2\/product_tag?post=322"}],"curies":[{"name":"wp","href":"https:\/\/api.w.org\/{rel}","templated":true}]}}